{"id":89,"date":"2013-11-04T11:11:05","date_gmt":"2013-11-04T16:11:05","guid":{"rendered":"http:\/\/blogs.butler.edu\/ghsislam13\/?page_id=89"},"modified":"2013-12-09T15:26:56","modified_gmt":"2013-12-09T20:26:56","slug":"science","status":"publish","type":"page","link":"http:\/\/blogs.butler.edu\/ghsislam13\/mw-225\/science\/","title":{"rendered":"Ancient Islamic Scientists"},"content":{"rendered":"<p style=\"text-align: center\">Anne Leighty, Andrew Bradley, and Evan Meade<\/p>\n<p style=\"text-align: center\">Created: December, 2013<\/p>\n<p style=\"text-align: center\">\n<p style=\"text-align: center\">Rhazes (865-925 AD)<\/p>\n<p><a href=\"http:\/\/blogs.butler.edu\/ghsislam13\/files\/2013\/11\/al-razi-1.jpg\"><img loading=\"lazy\" decoding=\"async\" class=\"alignnone size-medium wp-image-782 aligncenter\" alt=\"Rhazes\" src=\"http:\/\/blogs.butler.edu\/ghsislam13\/files\/2013\/11\/al-razi-1-233x300.jpg\" width=\"233\" height=\"300\" srcset=\"http:\/\/blogs.butler.edu\/ghsislam13\/files\/2013\/11\/al-razi-1-233x300.jpg 233w, http:\/\/blogs.butler.edu\/ghsislam13\/files\/2013\/11\/al-razi-1.jpg 240w\" sizes=\"auto, (max-width: 233px) 100vw, 233px\" \/><\/a><\/p>\n<p style=\"text-align: center\"><span style=\"font-size: small\">Muhammed ibn Zakariya al-Razi. Also known as Razis or Rhazes. Persian philosopher and physician<\/span><br \/>\n<span style=\"font-size: x-small\"><span style=\"font-size: small\">by <a href=\"http:\/\/commons.wikimedia.org\/wiki\/File:Muhammed_ibn_Zakariya_al-Razi_-_Rhazes_-_Persian_philosopher_and_physician.jpg\">Abu Shawka<\/a>, used under<\/span> <a href=\"http:\/\/creativecommons.org\/publicdomain\/mark\/1.0\/deed.en\"><img decoding=\"async\" class=\"aligncenter\" alt=\"\" src=\"http:\/\/i.creativecommons.org\/p\/mark\/1.0\/88x31.png\" \/><\/a><\/span><\/p>\n<p>Abubakr Muhammad ibn Zakariyya al-Razi (865\u2013925) is known to the western world as Rhazes. At a young age, his first interests were music and art, but later he invested his time in philosophy, mathematics, astronomy, chemistry, and mainly medicine. After finishing medical school in Baghdad, he went back to take charge of a hospital in his native city. Later in life he decided to build a more modern hospital in Baghdad and focused on making improvements to the hospitals currently in use. He devised a separate ward for patients experiencing mental diseases. He also influenced students by creating different sets of rounds for patients depending on the student\u2019s level in medical school. There are twenty-six books written about different medical disorders, but most of them are focused on nervous system disorders. He is thought to have pioneered the methods of differential diagnosis and clinical observations, both of which were critical to him being the first to be able to differentiate between measles and smallpox (Ligon, 2001, 266-272).<\/p>\n<p><span style=\"text-decoration: underline\"><span style=\"font-size: small;font-family: tahoma, arial, helvetica, sans-serif\">Other \u201cFirsts\u201d Attributed to Rhazes<\/span><\/span><br \/>\n<span style=\"font-size: small;font-family: tahoma, arial, helvetica, sans-serif\"> Account of extraction of a cataract<\/span><br \/>\n<span style=\"font-size: small;font-family: tahoma, arial, helvetica, sans-serif\"> Book on pediatrics<\/span><br \/>\n<span style=\"font-size: small;font-family: tahoma, arial, helvetica, sans-serif\"> Clear and detailed descriptions of scrotal gangrene (1000 years before Fournier)<\/span><br \/>\n<span style=\"font-size: small;font-family: tahoma, arial, helvetica, sans-serif\"> Description of bladder paralysis caused by spinal cord tumor<\/span><br \/>\n<span style=\"font-size: small;font-family: tahoma, arial, helvetica, sans-serif\"> Description of the laryngeal branch of the recurrent laryngeal nerve<\/span><br \/>\n<span style=\"font-size: small;font-family: tahoma, arial, helvetica, sans-serif\"> Differentiation between smallpox and measles<\/span><br \/>\n<span style=\"font-size: small;font-family: tahoma, arial, helvetica, sans-serif\"> Discussion of pupillary reaction<\/span><br \/>\n<span style=\"font-size: small;font-family: tahoma, arial, helvetica, sans-serif\"> Mention of the use of nonmetallic catheters<\/span><br \/>\n<span style=\"font-size: small;font-family: tahoma, arial, helvetica, sans-serif\"> Monograph on smallpox<\/span><br \/>\n<span style=\"font-size: small;font-family: tahoma, arial, helvetica, sans-serif\"> Recognition of allergic rhinitis<\/span><br \/>\n<span style=\"font-size: small;font-family: tahoma, arial, helvetica, sans-serif\"> Recorded instance of psychiatric aftercare<\/span><br \/>\n<span style=\"font-size: small;font-family: tahoma, arial, helvetica, sans-serif\"> Suggestion of a blood-borne disease (smallpox)<\/span><br \/>\n<span style=\"font-size: small;font-family: tahoma, arial, helvetica, sans-serif\"> Use of alcohol for medical purposes<\/span><br \/>\n<span style=\"font-size: small;font-family: tahoma, arial, helvetica, sans-serif\"> Use of animal gut as a ligature in surgical operations<\/span><br \/>\n<span style=\"font-size: small;font-family: tahoma, arial, helvetica, sans-serif\"> Use of chemical preparation, especially mercurial ointment, in medical practice<\/span><br \/>\n<span style=\"font-size: small;font-family: tahoma, arial, helvetica, sans-serif\"> Use of hot, moist compresses to cover the intestines during abdominal operations<\/span><br \/>\n<span style=\"font-size: small;font-family: tahoma, arial, helvetica, sans-serif\"> Use of opium for anesthesia<\/span><\/p>\n<p><span style=\"font-size: small;font-family: tahoma, arial, helvetica, sans-serif\">Figure 1: Table of medical techniques that were first attributed to Rhazes (Ligon, 2001, 266-272)<\/span><\/p>\n<p>Although Rhazes has not been recognized as a pioneer in neurosciences, he made many considerable contributions. He is credited with the introduction of differential diagnostics in neurology and was the first to correctly describe a concussion. He carefully classified nerves into sensory and motor functions. He believed motor neurons controlled muscles and tendons, while skin nerves have a sensory function. Rhazes also recognized that nerves from the brain and spinal cord are paired. He looked at different spinal injuries and clarified how they affect the body\u00a0(Mehdizadeh, Mohagheghzadeh, Zargaran, &amp; Zarshenas. 2012. pp. 1001-1002). For example, cervical nerve injuries may result in paralysis of the hands and arms.<\/p>\n<p><a href=\"http:\/\/blogs.butler.edu\/ghsislam13\/files\/2013\/11\/3974877876_820dd143aa_b.jpg\"><img loading=\"lazy\" decoding=\"async\" class=\"alignnone size-medium wp-image-1169 aligncenter\" alt=\"3974877876_820dd143aa_b\" src=\"http:\/\/blogs.butler.edu\/ghsislam13\/files\/2013\/11\/3974877876_820dd143aa_b-190x300.jpg\" width=\"190\" height=\"300\" srcset=\"http:\/\/blogs.butler.edu\/ghsislam13\/files\/2013\/11\/3974877876_820dd143aa_b-190x300.jpg 190w, http:\/\/blogs.butler.edu\/ghsislam13\/files\/2013\/11\/3974877876_820dd143aa_b.jpg 507w\" sizes=\"auto, (max-width: 190px) 100vw, 190px\" \/><\/a><\/p>\n<p style=\"text-align: center\"><span style=\"font-size: small\">Ill<\/span><span style=\"font-size: small\">ustration of the Human Nervous System<\/span><br \/>\n<span style=\"font-size: small\"> by Sue Clark , used under <a href=\"http:\/\/creativecommons.org\/licenses\/by\/3.0\"><img decoding=\"async\" alt=\"\" src=\"http:\/\/i.creativecommons.org\/l\/by\/3.0\/80x15.png\" \/><\/a><\/span><\/p>\n<p style=\"text-align: center\"><code>\u00a0<\/code><\/p>\n<p>In regards to treatment, Rhazes preferred special diets above drug therapy. He actually did not encourage the use of unnecessary medications and compound medicines. He classified drug routes for neurological diseases into oral, nasal, and topical forms. Rhazes also emphasized that there was more importance in treating the actual nerve in a neurological disorder, than treating the areas affected. He also was the first to use opium as an anesthetic in surgery.\u00a0He was very involved in the medical and drug treatments of his patients.<\/p>\n<p>Rhazes died on October 27, 925 at the age of sixty. Rhazes left behind a legacy that many people are unaware of. Many of his methods were used by scholars and applied to later work. He is currently looked to as an inspiration for modern researchers in neuroscience (Mehdizadeh et al., 2012. pp. 1001-1002)\u00a0His contributions to medicine often go unnoticed by those in the Western World. In Iran, Rhazes birthday, August 27th, is celebrated annually as \u201cthe day of the pharmacist.\u201d<\/p>\n<p>&nbsp;<\/p>\n<p>&nbsp;<\/p>\n<p style=\"text-align: center\"><a href=\"http:\/\/blogs.butler.edu\/ghsislam13\/files\/2013\/11\/Mu\u1e25ammad_ibn_M\u016bs\u0101_al-Khw\u0101rizm\u012b.png\"><img loading=\"lazy\" decoding=\"async\" class=\"alignnone size-full wp-image-2229\" alt=\"Mu\u1e25ammad_ibn_M\u016bs\u0101_al-Khw\u0101rizm\u012b\" src=\"http:\/\/blogs.butler.edu\/ghsislam13\/files\/2013\/11\/Mu\u1e25ammad_ibn_M\u016bs\u0101_al-Khw\u0101rizm\u012b.png\" width=\"127\" height=\"170\" \/><\/a><\/p>\n<p style=\"text-align: center\">Al-Khwarizmi, Scholar<br \/>\nby <a href=\"http:\/\/commons.wikimedia.org\/wiki\/File:Mu\u1e25ammad_ibn_M\u016bs\u0101_al-Khw\u0101rizm\u012b.png\"> ms <\/a>, used under <a href=\"http:\/\/creativecommons.org\/licenses\/by-sa\/3.0\"><img decoding=\"async\" alt=\"\" src=\"http:\/\/i.creativecommons.org\/l\/by-sa\/3.0\/80x15.png\" \/><\/a><\/p>\n<p style=\"text-align: left\" align=\"center\">Al-Khwarizmi was born in 780 A.D. and died somewhere between 830 and 850 A.D. The date of his death is not confirmed because a man living with the same name, who was also a scholar and scientist, lived in the same city during this time period. Because of this, specific information about the personal lives of both individuals is not certain.\u00a0He spent his life as a scholar and scientist at the House of Wisdom in Baghdad. His studies and areas of expertise were focused on astronomy and also mathematics, specifically algebra.\u00a0 He wrote many books covering a wide variety of topics in both subjects while he was alive. (Arndt, 1983, 668-670)<\/p>\n<p>&nbsp;<\/p>\n<p>His astronomical studies and explorations focused on the consolations of stars and planets that were visible to him. He was interested in how the distances between the stars and planets affected where the earth was in relation to them and how the earth rotated.\u00a0Al-Khwarizmi\u2019s most impressive accomplishment as a scholar was planning, developing, and writing an algebra textbook titled <i>Al-Kitab Al-jabr wa\u2019ll muqabalah.<\/i> This academic textbook focused on cancellation and balancing, which are algebraic concepts he discovered through his scholarly work. (Arndt, 1983, 668-670)<\/p>\n<p>&nbsp;<\/p>\n<p><a href=\"http:\/\/blogs.butler.edu\/ghsislam13\/files\/2013\/11\/Image-Al-Kit\u0101b_al-mu\u1e2bta\u1e63ar_f\u012b_\u1e25is\u0101b_al-\u011fabr_wa-l-muq\u0101bala.jpg\"><img loading=\"lazy\" decoding=\"async\" class=\"alignnone size-medium wp-image-2230 aligncenter\" alt=\"Image-Al-Kit\u0101b_al-mu\u1e2bta\u1e63ar_f\u012b_\u1e25is\u0101b_al-\u011fabr_wa-l-muq\u0101bala\" src=\"http:\/\/blogs.butler.edu\/ghsislam13\/files\/2013\/11\/Image-Al-Kit\u0101b_al-mu\u1e2bta\u1e63ar_f\u012b_\u1e25is\u0101b_al-\u011fabr_wa-l-muq\u0101bala-189x300.jpg\" width=\"189\" height=\"300\" srcset=\"http:\/\/blogs.butler.edu\/ghsislam13\/files\/2013\/11\/Image-Al-Kit\u0101b_al-mu\u1e2bta\u1e63ar_f\u012b_\u1e25is\u0101b_al-\u011fabr_wa-l-muq\u0101bala-189x300.jpg 189w, http:\/\/blogs.butler.edu\/ghsislam13\/files\/2013\/11\/Image-Al-Kit\u0101b_al-mu\u1e2bta\u1e63ar_f\u012b_\u1e25is\u0101b_al-\u011fabr_wa-l-muq\u0101bala.jpg 240w\" sizes=\"auto, (max-width: 189px) 100vw, 189px\" \/><\/a><\/p>\n<p style=\"text-align: center\">Al-Kitab Al-jabr wa\u2019ll muqabalah<br \/>\nby <a href=\"http:\/\/commons.wikimedia.org\/wiki\/File:Image-Al-Kit\u0101b_al-mu\u1e2bta\u1e63ar_f\u012b_\u1e25is\u0101b_al-\u011fabr_wa-l-muq\u0101bala.jpg\"> Muhammad ibn Musa Al-Khawarizmi <\/a>, used under <a href=\"http:\/\/creativecommons.org\/publicdomain\/mark\/1.0\/deed.en\"><img decoding=\"async\" alt=\"\" src=\"http:\/\/i.creativecommons.org\/p\/mark\/1.0\/88x31.png\" \/><\/a><\/p>\n<p>&nbsp;<\/p>\n<p>Al-Khawarizmi changed the world of mathematics forever. The way he looked and saw the subject of algebra lead him to many great discoveries that will be used for so many years to come. He left a legacy behind that would be respected by every scholar in the world. His textbook and teachings are still used today in both algebra and astronomy classrooms alike.<\/p>\n<p style=\"text-align: center\">Geber (721-815 AD)<\/p>\n<div id=\"attachment_2259\" style=\"width: 253px\" class=\"wp-caption aligncenter\"><a href=\"http:\/\/blogs.butler.edu\/ghsislam13\/files\/2013\/11\/Geber.jpg\"><img loading=\"lazy\" decoding=\"async\" aria-describedby=\"caption-attachment-2259\" class=\"size-medium wp-image-2259 \" alt=\"Geber\" src=\"http:\/\/blogs.butler.edu\/ghsislam13\/files\/2013\/11\/Geber-243x300.jpg\" width=\"243\" height=\"300\" srcset=\"http:\/\/blogs.butler.edu\/ghsislam13\/files\/2013\/11\/Geber-243x300.jpg 243w, http:\/\/blogs.butler.edu\/ghsislam13\/files\/2013\/11\/Geber.jpg 487w\" sizes=\"auto, (max-width: 243px) 100vw, 243px\" \/><\/a><p id=\"caption-attachment-2259\" class=\"wp-caption-text\">Jabir ibn Hayyan by unknown author, used under <a href=\"http:\/\/creativecommons.org\/publicdomain\/mark\/1.0\/deed.en\"><img decoding=\"async\" alt=\"\" src=\"http:\/\/i.creativecommons.org\/p\/mark\/1.0\/88x31.png\" \/><\/a><\/p><\/div>\n<p><!--[if gte mso 9]&gt;--><\/p>\n<p><!--[if gte mso 9]&gt;--><\/p>\n<p><span style=\"font-size: 11.0pt;line-height: 115%;font-family: 'Calibri','sans-serif'\">Jabir ibn Hayyan (721-815), formally known by Europeans as Geber, was an eighth century alchemist who is commonly referred to as the Father of Alchemy or Chemistry.<span>\u00a0 <\/span>Born to a pharmacist in Tarcus, Turkey, Geber had a natural born interest in the sciences and began studying the Koran, mathematics, and other sciences underneath the famous scholars Harbi al-Himyari and Ja&#8217;far al-Sadiq.<span>\u00a0 <\/span>Both of these men encouraged Geber to succeed to the max of his potential.<span>\u00a0 <\/span>However, Ja\u2019far\u2019s reputation would prove to be detrimental to Geber\u2019s success when their relationship resulted in Geber\u2019s house arrest.<span>\u00a0 <\/span>He would remain under arrest for the rest of his life until his death in 815 (&#8220;Jabir ibn Hayyan, 2001).<\/span><\/p>\n<p>&nbsp;<\/p>\n<p style=\"text-align: center\"><a href=\"http:\/\/blogs.butler.edu\/ghsislam13\/files\/2013\/11\/geber-equipment.png\"><img loading=\"lazy\" decoding=\"async\" class=\"size-medium wp-image-2261 aligncenter\" alt=\"geber equipment\" src=\"http:\/\/blogs.butler.edu\/ghsislam13\/files\/2013\/11\/geber-equipment-300x189.png\" width=\"300\" height=\"189\" srcset=\"http:\/\/blogs.butler.edu\/ghsislam13\/files\/2013\/11\/geber-equipment-300x189.png 300w, http:\/\/blogs.butler.edu\/ghsislam13\/files\/2013\/11\/geber-equipment.png 800w\" sizes=\"auto, (max-width: 300px) 100vw, 300px\" \/><\/a><\/p>\n<p style=\"text-align: center\">\u00a0Different techniques and equipment used by Geber<br \/>\nby <a href=\"http:\/\/commons.wikimedia.org\/wiki\/File:Muhammed_ibn_Zakariya_al-Razi_-_Rhazes_-_Persian_philosopher_and_physician.jpg\">unknown author<\/a>, used under <a href=\"http:\/\/creativecommons.org\/publicdomain\/mark\/1.0\/deed.en\"><img decoding=\"async\" alt=\"\" src=\"http:\/\/i.creativecommons.org\/p\/mark\/1.0\/88x31.png\" \/><\/a><\/p>\n<p>Geber most particularly contributed to the field of chemistry although he was commonly known as an alchemist.<span>\u00a0 <\/span>Instead of placing focus on the preparations and the interactions of noble gases, Geber was more interested in mechanisms and interactions that take place within a molecule and chemical reaction.<span>\u00a0 <\/span>Through these interests, he was able to perfect a variety of scientific techniques ranging from distillation and crystallization to sublimation and evaporation.<span>\u00a0\u00a0\u00a0 <\/span>In fact, many of these techniques were used and perfected while he discovered numerous minerals and acids, most importantly acetic acid found in vinager (\u201cJabir ibn Haiyan (Geber), 2000).<span>\u00a0 <\/span>Other important acids include: nitric acid, sulfuric acid, hydrochloric acid (&#8220;Jabir ibn Hayyan, 2001).<\/p>\n<p>&nbsp;<\/p>\n<p>&nbsp;<\/p>\n<p>&nbsp;<\/p>\n<p>References<br \/>\n1. A. B. ARNDT\u00a0<cite>The Mathematics Teacher<\/cite>\u00a0, Vol. 76, No. 9 (December 1983), pp. 668-670\u00a0Published by:\u00a0<span style=\"color: #000000\"><a href=\"http:\/\/www.jstor.org\/action\/showPublisher?publisherCode=nctm\"><span style=\"color: #000000\">National Council of Teachers of Mathematics<\/span><\/a><span style=\"color: #000000\">\u00a0<\/span><\/span>Article Stable URL: http:\/\/www.jstor.org\/stable\/27963784<\/p>\n<p>2. Clark, S. (2009). Illustration of the Human Nervous System. [Photographic reproduction]. Retrieved from http:\/\/www.flickr.com\/photos\/14277117@N03\/3974877876\/in\/photolist-74fhHb-7jaFop-7jaFH4-7jaG3P-7jaGJp-7jaHDD-7jaJA8-7jaKRZ-7jaMap-7jaMvz-7jaNd6-7jaNN2-7jaPCZ-7jeyHA-7jez5o-7jeAsQ-7jeB8U-7jeBq7-7jeC61-7jeCny-7jeCYj-7jeDjb-7jeEhY-7jeECS-7jeEYL-7jeFZs-7jeGBj-7jeHkh-7jeJ5h-7jeJnu-7jeJGj-7x9Pax-7x9PH8-7xdLW3-9zXghe-9A1eZq-9A1eYC-9A1eZ1-aTwFAp-aTx7ki-aKpzbk-aKpCjX-aKpvZe-aKpAs6-aTwKi8-aTxghx-aTxdxX-aKpEBD-aTxbdM-aKpuh2-d9NNYu<\/p>\n<p><!--[if gte mso 9]&gt;--><\/p>\n<p><!--[if gte mso 9]&gt;--><\/p>\n<p>3. <i><span>Jabir Ibn Haiyan (Geber)<\/span><\/i><span>. (2000). Retrieved December 1, 2013, from The Window: &#8220;Jabir ibn Hayyan.&#8221; World of Chemistry. Gale, 2006. Biography in Context. Web. 2 Dec. 2013.<\/span><\/p>\n<p><!--[if gte mso 9]&gt;--><\/p>\n<p><!--[if gte mso 9]&gt;--><\/p>\n<p><!--[if gte mso 9]&gt;--><\/p>\n<p>4. <i><span>Jabir ibn Hayyan<\/span><\/i><span>. (2006). Retrieved December 2, 2013, from World of Chemistry: http:\/\/ic.galegroup.com\/ic\/bic1\/ReferenceDetailsPage\/ReferenceDetailsWindow?failOverType=&amp;query=&amp;prodId=BIC1&amp;windowstate=normal&amp;contentModules=&amp;mode=view&amp;displayGroupName=Reference&amp;limiter=&amp;currPage=&amp;disableHighlighting=false&amp;displayGroups=&amp;sortBy=&amp;search<\/span><\/p>\n<p>5. Ligon, B. (2001).Biography: Rhazes: His career and His Writing.<em>Seminars in Pediatric Infectious Disease, <\/em> 12(3), 266-272.<\/p>\n<p>6. Mehdizadeh, A., Mohagheghzadeh, A.,Zargaran, &amp; Zarshenas, M. (2012). Rhazes. <em>Journal of Neurology,<\/em> 259(5), 1001-1002.<\/p>\n<p>7. Muhammad, A. (2007). Al-Kitab Al-jabr wa\u2019ll muqabalah. [Photographic reproduction]. Retrieved from http:\/\/commons.wikimedia.org\/wiki\/File:Image-Al-Kit\u0101b_al-mu\u1e2bta\u1e63ar_f\u012b_\u1e25is\u0101b_al-\u011fabr_wa-l-muq\u0101bala.jpg<\/p>\n<p>8. M,S. (2013). Al-Khwarizmi, Scholar. Photographic reproduction]. Retrieved from http:\/\/commons.wikimedia.org\/wiki\/File:Mu\u1e25ammad_ibn_M\u016bs\u0101_al-Khw\u0101rizm\u012b.png<\/p>\n<p>9. Shawka, A. (2012). Muhammed ibn Zakariya al-Razi. Also known as Razis or Rhazes. Persian philosopher and physician. [Photographic reproduction]. Retrieved from http:\/\/commons.wikimedia.org\/wiki\/File:Muhammed_ibn_Zakariya_al-Razi_-_Rhazes_-_Persian_philosopher_and_physician.jpg. Public domain image.<\/p>\n<p>10.\u00a0<span style=\"color: #888888\"><a href=\"http:\/\/www.credoreference.com\/entry\/prcm\/vi_5_abu_ja_far_muhammad_ibn_m%C5%ABs%C4%81_al_khw%C4%81rizm%C4%AB\"><span style=\"color: #888888\">V<span style=\"color: #000000\">I.5 Abu Ja\u2019far Muhammad ibn M\u016bs\u0101 al-Khw\u0101rizm\u012b<\/span><\/span><\/a><\/span>. (2008). In\u00a0<em>The Princeton Companion to Mathematics<\/em>. Retrieved from https:\/\/ezproxy.butler.edu\/login?qurl=http%3A%2F%2Fwww.credoreference.com\/entry\/prcm\/vi_5_abu_ja_far_muhammad_ibn_m%C5%ABs%C4%81_al_khw%C4%81rizm%C4%AB<\/p>\n<p><!--[if gte mso 9]&gt;--><\/p>\n<p><!--[if gte mso 9]&gt;--><\/p>\n<p>11. Unknown Author. (1897). Different techniques and equipment used by Geber. [Photographic reproduction]. Retrieved from h<a href=\"http:\/\/commons.wikimedia.org\/wiki\/File:PSM_V51_D390_Old_stills_from_an_early_edition_of_geber.png\">ttp:\/\/commons.wikimedia.org\/wiki\/File:PSM_V51_D390_Old_stills_from_an_early_edition_of_geber.png<\/a><\/p>\n<p>12. <span style=\"font-size: 11.0pt;line-height: 115%;font-family: 'Calibri','sans-serif'\">Unknown Author. (2005). Jabir ibn Hayyan. [Photographic reproduction]. Retrieved from <a href=\"http:\/\/commons.wikimedia.org\/wiki\/File:Jabir_ibn_Hayyan.jpg\">http:\/\/commons.wikimedia.org\/wiki\/File:Jabir_ibn_Hayyan.jpg<\/a>. Public domain image.<\/span><\/p>\n","protected":false},"excerpt":{"rendered":"<p>Anne Leighty, Andrew Bradley, and Evan Meade Created: December, 2013 Rhazes (865-925 AD) Muhammed ibn Zakariya al-Razi. Also known as Razis or Rhazes. Persian philosopher and physician by Abu Shawka, used under Abubakr Muhammad ibn Zakariyya al-Razi (865\u2013925) is known to the western world as Rhazes. At a young age, his first interests were music [&hellip;]<\/p>\n","protected":false},"author":2479,"featured_media":0,"parent":29,"menu_order":0,"comment_status":"closed","ping_status":"closed","template":"","meta":{"footnotes":""},"class_list":["post-89","page","type-page","status-publish","hentry"],"_links":{"self":[{"href":"http:\/\/blogs.butler.edu\/ghsislam13\/wp-json\/wp\/v2\/pages\/89","targetHints":{"allow":["GET"]}}],"collection":[{"href":"http:\/\/blogs.butler.edu\/ghsislam13\/wp-json\/wp\/v2\/pages"}],"about":[{"href":"http:\/\/blogs.butler.edu\/ghsislam13\/wp-json\/wp\/v2\/types\/page"}],"author":[{"embeddable":true,"href":"http:\/\/blogs.butler.edu\/ghsislam13\/wp-json\/wp\/v2\/users\/2479"}],"replies":[{"embeddable":true,"href":"http:\/\/blogs.butler.edu\/ghsislam13\/wp-json\/wp\/v2\/comments?post=89"}],"version-history":[{"count":60,"href":"http:\/\/blogs.butler.edu\/ghsislam13\/wp-json\/wp\/v2\/pages\/89\/revisions"}],"predecessor-version":[{"id":2577,"href":"http:\/\/blogs.butler.edu\/ghsislam13\/wp-json\/wp\/v2\/pages\/89\/revisions\/2577"}],"up":[{"embeddable":true,"href":"http:\/\/blogs.butler.edu\/ghsislam13\/wp-json\/wp\/v2\/pages\/29"}],"wp:attachment":[{"href":"http:\/\/blogs.butler.edu\/ghsislam13\/wp-json\/wp\/v2\/media?parent=89"}],"curies":[{"name":"wp","href":"https:\/\/api.w.org\/{rel}","templated":true}]}}