{"id":30,"date":"2023-04-22T10:38:36","date_gmt":"2023-04-22T14:38:36","guid":{"rendered":"http:\/\/blogs.butler.edu\/languageportfoliotrial\/?page_id=30"},"modified":"2023-04-22T11:32:28","modified_gmt":"2023-04-22T15:32:28","slug":"blue-iii","status":"publish","type":"page","link":"https:\/\/blogs.butler.edu\/victoriaatwater\/","title":{"rendered":"Victoria Atwater"},"content":{"rendered":"<p style=\"text-align: center\"><a href=\"http:\/\/blogs.butler.edu\/victoriaatwater\/files\/2023\/04\/download-1.png\"><img loading=\"lazy\" decoding=\"async\" class=\"wp-image-215 aligncenter\" src=\"http:\/\/blogs.butler.edu\/victoriaatwater\/files\/2023\/04\/download-1-300x158.png\" alt=\"\" width=\"425\" height=\"224\" srcset=\"https:\/\/blogs.butler.edu\/victoriaatwater\/files\/2023\/04\/download-1-300x158.png 300w, https:\/\/blogs.butler.edu\/victoriaatwater\/files\/2023\/04\/download-1.png 310w\" sizes=\"auto, (max-width: 425px) 100vw, 425px\" \/><\/a><\/p>\n<p style=\"text-align: center\">\u00a1Hola!<\/p>\n<p style=\"text-align: center\">Me llamo Victoria y este a\u00f1o empeizo conocer Espa\u00f1ol intermidio 1. Yo soy un estudiante a Butler Universidad y estudiendo psycologia y neurociencia porque, quiero ser un doctora. Tambien, aprendiendo espa\u00f1ol porque, queiro ser fluida en un otra idioma. Con mi grado de Butler, yo planeo ir escuela de posgrado. Durante el tiempo a Butler, creo que deba estudiar en un otro pa\u00eds, tal ves Italia o Alemania. Pero, si mi espa\u00f1ol mejora, me gusta viajar a Espa\u00f1a.<\/p>\n","protected":false},"excerpt":{"rendered":"<p>\u00a1Hola! Me llamo Victoria y este a\u00f1o empeizo conocer Espa\u00f1ol intermidio 1. Yo soy un estudiante a Butler Universidad y estudiendo psycologia y neurociencia porque, quiero ser un doctora. Tambien, <a class=\"more-link\" href=\"https:\/\/blogs.butler.edu\/victoriaatwater\/\">Continue Reading &rarr;<\/a><\/p>\n","protected":false},"author":9198170,"featured_media":0,"parent":0,"menu_order":0,"comment_status":"closed","ping_status":"closed","template":"","meta":{"footnotes":""},"class_list":["post-30","page","type-page","status-publish","hentry"],"_links":{"self":[{"href":"https:\/\/blogs.butler.edu\/victoriaatwater\/wp-json\/wp\/v2\/pages\/30","targetHints":{"allow":["GET"]}}],"collection":[{"href":"https:\/\/blogs.butler.edu\/victoriaatwater\/wp-json\/wp\/v2\/pages"}],"about":[{"href":"https:\/\/blogs.butler.edu\/victoriaatwater\/wp-json\/wp\/v2\/types\/page"}],"author":[{"embeddable":true,"href":"https:\/\/blogs.butler.edu\/victoriaatwater\/wp-json\/wp\/v2\/users\/9198170"}],"replies":[{"embeddable":true,"href":"https:\/\/blogs.butler.edu\/victoriaatwater\/wp-json\/wp\/v2\/comments?post=30"}],"version-history":[{"count":11,"href":"https:\/\/blogs.butler.edu\/victoriaatwater\/wp-json\/wp\/v2\/pages\/30\/revisions"}],"predecessor-version":[{"id":220,"href":"https:\/\/blogs.butler.edu\/victoriaatwater\/wp-json\/wp\/v2\/pages\/30\/revisions\/220"}],"wp:attachment":[{"href":"https:\/\/blogs.butler.edu\/victoriaatwater\/wp-json\/wp\/v2\/media?parent=30"}],"curies":[{"name":"wp","href":"https:\/\/api.w.org\/{rel}","templated":true}]}}